{"id":28,"date":"2020-12-06T19:28:48","date_gmt":"2020-12-06T22:28:48","guid":{"rendered":"http:\/\/jcphealthtech.com.br\/?page_id=28"},"modified":"2021-02-01T20:08:34","modified_gmt":"2021-02-01T23:08:34","slug":"visitas-periodicas-na-obra","status":"publish","type":"page","link":"https:\/\/jcphealthtech.com.br\/index.php\/visitas-periodicas-na-obra\/","title":{"rendered":"Visitas Peri\u00f3dicas na Obra"},"content":{"rendered":"<p>[vc_row][vc_column][vc_empty_space][vc_row_inner][vc_column_inner width=&#8221;1\/2&#8243;][vc_custom_heading text=&#8221;Visitas Peri\u00f3dicas na Obra &#8211; Comissionamento das Instala\u00e7\u00f5es:&#8221; font_container=&#8221;tag:h4|font_size:18px|text_align:left|line_height:25px&#8221; use_theme_fonts=&#8221;yes&#8221;][vc_separator align=&#8221;align_left&#8221; css=&#8221;.vc_custom_1607902121774{margin-bottom: 0px !important;border-bottom-width: 0px !important;padding-bottom: 0px !important;}&#8221;][vc_column_text]Ap\u00f3s a realiza\u00e7\u00e3o da compatibiliza\u00e7\u00e3o dos projetos de instala\u00e7\u00f5es frente a necessidade dos equipamentos e realiza\u00e7\u00e3o dos ajustes necess\u00e1rios por parte dos projetistas, realizamos visitas peri\u00f3dicas na obra, para confer\u00eancia da execu\u00e7\u00e3o em conformidade com o projeto.<\/p>\n<p><span style=\"font-weight: 400;\">S\u00e3o atividades tamb\u00e9m realizadas nesta etapa:<\/span><\/p>\n<ul>\n<li style=\"font-weight: 400;\">Checklist e Confer\u00eancia de necessidades por ambiente<\/li>\n<li style=\"font-weight: 400;\">Relat\u00f3rio de vistoria t\u00e9cnica com apontamento de a\u00e7\u00f5es corretivas para aux\u00edlio da equipe de obras minimizando erros e poss\u00edveis aditivos<\/li>\n<\/ul>\n<p>[\/vc_column_text][\/vc_column_inner][vc_column_inner width=&#8221;1\/2&#8243;][vc_single_image image=&#8221;119&#8243; img_size=&#8221;full&#8221; style=&#8221;vc_box_rounded&#8221; onclick=&#8221;custom_link&#8221;][\/vc_column_inner][\/vc_row_inner][\/vc_column][\/vc_row]<\/p>\n","protected":false},"excerpt":{"rendered":"<p>[vc_row][vc_column][vc_empty_space][vc_row_inner][vc_column_inner width=&#8221;1\/2&#8243;][vc_custom_heading text=&#8221;Visitas Peri\u00f3dicas na Obra &#8211; Comissionamento das Instala\u00e7\u00f5es:&#8221; font_container=&#8221;tag:h4|font_size:18px|text_align:left|line_height:25px&#8221; use_theme_fonts=&#8221;yes&#8221;][vc_separator align=&#8221;align_left&#8221; css=&#8221;.vc_custom_1607902121774{margin-bottom: 0px !important;border-bottom-width: 0px !important;padding-bottom: 0px !important;}&#8221;][vc_column_text]Ap\u00f3s a realiza\u00e7\u00e3o da compatibiliza\u00e7\u00e3o dos projetos<span class=\"excerpt-hellip\"> [\u2026]<\/span><\/p>\n","protected":false},"author":1,"featured_media":0,"parent":0,"menu_order":0,"comment_status":"closed","ping_status":"closed","template":"","meta":[],"_links":{"self":[{"href":"https:\/\/jcphealthtech.com.br\/index.php\/wp-json\/wp\/v2\/pages\/28"}],"collection":[{"href":"https:\/\/jcphealthtech.com.br\/index.php\/wp-json\/wp\/v2\/pages"}],"about":[{"href":"https:\/\/jcphealthtech.com.br\/index.php\/wp-json\/wp\/v2\/types\/page"}],"author":[{"embeddable":true,"href":"https:\/\/jcphealthtech.com.br\/index.php\/wp-json\/wp\/v2\/users\/1"}],"replies":[{"embeddable":true,"href":"https:\/\/jcphealthtech.com.br\/index.php\/wp-json\/wp\/v2\/comments?post=28"}],"version-history":[{"count":6,"href":"https:\/\/jcphealthtech.com.br\/index.php\/wp-json\/wp\/v2\/pages\/28\/revisions"}],"predecessor-version":[{"id":135,"href":"https:\/\/jcphealthtech.com.br\/index.php\/wp-json\/wp\/v2\/pages\/28\/revisions\/135"}],"wp:attachment":[{"href":"https:\/\/jcphealthtech.com.br\/index.php\/wp-json\/wp\/v2\/media?parent=28"}],"curies":[{"name":"wp","href":"https:\/\/api.w.org\/{rel}","templated":true}]}}